{"id":117,"date":"2025-01-03T23:36:34","date_gmt":"2025-01-03T22:36:34","guid":{"rendered":"https:\/\/wp.feuerwehr-weissenohe.de\/wordpress\/?page_id=117"},"modified":"2025-09-12T13:09:54","modified_gmt":"2025-09-12T11:09:54","slug":"mach-mit","status":"publish","type":"page","link":"https:\/\/wp.feuerwehr-weissenohe.de\/wordpress\/mach-mit\/","title":{"rendered":"Mach mit"},"content":{"rendered":"\n<h3 class=\"wp-block-heading\">werde Teil der Freiwilligen Feuerwehr Wei\u00dfenohe<\/h3>\n\n\n\n<div class=\"wp-block-group is-nowrap is-layout-flex wp-container-core-group-is-layout-ad2f72ca wp-block-group-is-layout-flex\">\n<p>Bist du auf der Suche nach einer sinnvollen und spannenden Freizeitbesch\u00e4ftigung? M\u00f6chtest du dich f\u00fcr deine Gemeinde einsetzen und dabei neue Freundschaften schlie\u00dfen? Dann bist du bei der Freiwilligen Feuerwehr Wei\u00dfenohe genau richtig!<\/p>\n<\/div>\n\n\n<div class=\"wp-block-image\">\n<figure class=\"alignright size-large is-resized\"><img loading=\"lazy\" decoding=\"async\" width=\"1024\" height=\"768\" src=\"https:\/\/wp.feuerwehr-weissenohe.de\/wordpress\/wp-content\/uploads\/2025\/09\/20250714_194115-1024x768.jpg\" alt=\"\" class=\"wp-image-141\" style=\"width:296px;height:auto\" srcset=\"https:\/\/wp.feuerwehr-weissenohe.de\/wordpress\/wp-content\/uploads\/2025\/09\/20250714_194115-1024x768.jpg 1024w, https:\/\/wp.feuerwehr-weissenohe.de\/wordpress\/wp-content\/uploads\/2025\/09\/20250714_194115-300x225.jpg 300w, https:\/\/wp.feuerwehr-weissenohe.de\/wordpress\/wp-content\/uploads\/2025\/09\/20250714_194115-768x576.jpg 768w, https:\/\/wp.feuerwehr-weissenohe.de\/wordpress\/wp-content\/uploads\/2025\/09\/20250714_194115-1536x1152.jpg 1536w, https:\/\/wp.feuerwehr-weissenohe.de\/wordpress\/wp-content\/uploads\/2025\/09\/20250714_194115-2048x1536.jpg 2048w, https:\/\/wp.feuerwehr-weissenohe.de\/wordpress\/wp-content\/uploads\/2025\/09\/20250714_194115-1200x900.jpg 1200w\" sizes=\"auto, (max-width: 709px) 85vw, (max-width: 909px) 67vw, (max-width: 1362px) 62vw, 840px\" \/><\/figure>\n<\/div>\n\n\n<p>Wir sind eine engagierte Gemeinschaft von Feuerwehrleuten, die sich leidenschaftlich f\u00fcr den Schutz und die Sicherheit unserer Mitb\u00fcrger einsetzen. Egal, ob du bereits Erfahrung im Feuerwehrdienst hast oder neu in diesem Bereich bist \u2013 bei uns ist jeder willkommen!<br><br>Was bieten wir dir?<\/p>\n\n\n\n<ul class=\"wp-block-list\">\n<li>Ausbildung und Training: Du erh\u00e4ltst eine umfassende Ausbildung in verschiedenen Bereichen der Brandbek\u00e4mpfung, technischen Hilfeleistung und Erster Hilfe. Unsere erfahrenen Mitglieder stehen dir dabei jederzeit zur Seite.<\/li>\n\n\n\n<li>Gemeinschaft und Teamgeist: Bei uns triffst du auf Gleichgesinnte, die sich f\u00fcr das Wohl der Gemeinschaft einsetzen. Gemeinsame \u00dcbungen, Veranstaltungen und Feste st\u00e4rken den Zusammenhalt und machen Spa\u00df!<\/li>\n\n\n\n<li>Pers\u00f6nliche Entwicklung: Du entwickelst nicht nur deine F\u00e4higkeiten im Umgang mit verschiedenen Herausforderungen, sondern auch deine Team- und F\u00fchrungsqualit\u00e4ten.<\/li>\n\n\n\n<li>Einsatz f\u00fcr die Gemeinschaft: Du leistest einen wertvollen Beitrag zum Schutz deiner Nachbarn und deiner Heimat. Es gibt kaum ein besseres Gef\u00fchl, als in Notf\u00e4llen helfen zu k\u00f6nnen<\/li>\n<\/ul>\n\n\n<div class=\"wp-block-image\">\n<figure class=\"alignright size-large is-resized\"><img loading=\"lazy\" decoding=\"async\" width=\"1024\" height=\"768\" src=\"https:\/\/wp.feuerwehr-weissenohe.de\/wordpress\/wp-content\/uploads\/2025\/09\/20250517_162500-1024x768.jpg\" alt=\"\" class=\"wp-image-143\" style=\"width:272px;height:auto\" srcset=\"https:\/\/wp.feuerwehr-weissenohe.de\/wordpress\/wp-content\/uploads\/2025\/09\/20250517_162500-1024x768.jpg 1024w, https:\/\/wp.feuerwehr-weissenohe.de\/wordpress\/wp-content\/uploads\/2025\/09\/20250517_162500-300x225.jpg 300w, https:\/\/wp.feuerwehr-weissenohe.de\/wordpress\/wp-content\/uploads\/2025\/09\/20250517_162500-768x576.jpg 768w, https:\/\/wp.feuerwehr-weissenohe.de\/wordpress\/wp-content\/uploads\/2025\/09\/20250517_162500-1536x1152.jpg 1536w, https:\/\/wp.feuerwehr-weissenohe.de\/wordpress\/wp-content\/uploads\/2025\/09\/20250517_162500-2048x1536.jpg 2048w, https:\/\/wp.feuerwehr-weissenohe.de\/wordpress\/wp-content\/uploads\/2025\/09\/20250517_162500-1200x900.jpg 1200w\" sizes=\"auto, (max-width: 709px) 85vw, (max-width: 909px) 67vw, (max-width: 1362px) 62vw, 840px\" \/><\/figure>\n<\/div>\n\n\n<p>Wie kannst du mitmachen?<br><br>Wenn du mindestens 16 Jahre alt bist und Interesse hast, Teil unserer Feuerwehrfamilie zu werden, dann <a href=\"https:\/\/wp.feuerwehr-weissenohe.de\/wordpress\/kontakt\/\" data-type=\"page\" data-id=\"162\">kontaktiere<\/a> uns! Wir freuen uns darauf, dich kennenzulernen und dir alle Fragen zu beantworten.<br><br>Schau auch gerne bei unseren n\u00e4chsten Veranstaltungen vorbei oder besuche uns zu einer \u00dcbung. \u00dcberzeuge dich selbst von der tollen Atmosph\u00e4re und dem wichtigen Engagement, das die Freiwillige Feuerwehr Wei\u00dfenohe ausmacht.<br><br>Gemeinsam f\u00fcr Sicherheit \u2013 Werde Mitglied der Freiwilligen Feuerwehr Wei\u00dfenohe!<br><br>Wir freuen uns auf dich!<\/p>\n\n\n\n<div data-wp-interactive=\"core\/file\" class=\"wp-block-file\"><object data-wp-bind--hidden=\"!state.hasPdfPreview\" hidden class=\"wp-block-file__embed\" data=\"https:\/\/wp.feuerwehr-weissenohe.de\/wordpress\/wp-content\/uploads\/2025\/09\/beitrittserklaerung.pdf\" type=\"application\/pdf\" style=\"width:100%;height:240px\" aria-label=\"Einbettung von Beitrittserkl\u00e4rung - FF Wei\u00dfenohe.\"><\/object><a id=\"wp-block-file--media-c31e75de-3bed-42f1-aa3e-45dac3dc0fdc\" href=\"https:\/\/wp.feuerwehr-weissenohe.de\/wordpress\/wp-content\/uploads\/2025\/09\/beitrittserklaerung.pdf\">Beitrittserkl\u00e4rung &#8211; FF Wei\u00dfenohe<\/a><a href=\"https:\/\/wp.feuerwehr-weissenohe.de\/wordpress\/wp-content\/uploads\/2025\/09\/beitrittserklaerung.pdf\" class=\"wp-block-file__button wp-element-button\" download aria-describedby=\"wp-block-file--media-c31e75de-3bed-42f1-aa3e-45dac3dc0fdc\">Herunterladen<\/a><\/div>\n\n\n\n<p><\/p>\n","protected":false},"excerpt":{"rendered":"<p>werde Teil der Freiwilligen Feuerwehr Wei\u00dfenohe Bist du auf der Suche nach einer sinnvollen und spannenden Freizeitbesch\u00e4ftigung? M\u00f6chtest du dich f\u00fcr deine Gemeinde einsetzen und dabei neue Freundschaften schlie\u00dfen? Dann bist du bei der Freiwilligen Feuerwehr Wei\u00dfenohe genau richtig! Wir sind eine engagierte Gemeinschaft von Feuerwehrleuten, die sich leidenschaftlich f\u00fcr den Schutz und die Sicherheit &hellip; <a href=\"https:\/\/wp.feuerwehr-weissenohe.de\/wordpress\/mach-mit\/\" class=\"more-link\"><span class=\"screen-reader-text\">\u201eMach mit\u201c <\/span>weiterlesen<\/a><\/p>\n","protected":false},"author":1,"featured_media":0,"parent":0,"menu_order":0,"comment_status":"closed","ping_status":"closed","template":"","meta":{"footnotes":""},"class_list":["post-117","page","type-page","status-publish","hentry"],"_links":{"self":[{"href":"https:\/\/wp.feuerwehr-weissenohe.de\/wordpress\/wp-json\/wp\/v2\/pages\/117","targetHints":{"allow":["GET"]}}],"collection":[{"href":"https:\/\/wp.feuerwehr-weissenohe.de\/wordpress\/wp-json\/wp\/v2\/pages"}],"about":[{"href":"https:\/\/wp.feuerwehr-weissenohe.de\/wordpress\/wp-json\/wp\/v2\/types\/page"}],"author":[{"embeddable":true,"href":"https:\/\/wp.feuerwehr-weissenohe.de\/wordpress\/wp-json\/wp\/v2\/users\/1"}],"replies":[{"embeddable":true,"href":"https:\/\/wp.feuerwehr-weissenohe.de\/wordpress\/wp-json\/wp\/v2\/comments?post=117"}],"version-history":[{"count":10,"href":"https:\/\/wp.feuerwehr-weissenohe.de\/wordpress\/wp-json\/wp\/v2\/pages\/117\/revisions"}],"predecessor-version":[{"id":181,"href":"https:\/\/wp.feuerwehr-weissenohe.de\/wordpress\/wp-json\/wp\/v2\/pages\/117\/revisions\/181"}],"wp:attachment":[{"href":"https:\/\/wp.feuerwehr-weissenohe.de\/wordpress\/wp-json\/wp\/v2\/media?parent=117"}],"curies":[{"name":"wp","href":"https:\/\/api.w.org\/{rel}","templated":true}]}}